git of 110330008?
3
What is the ten millions digit of 2778126840?
7
What is the hundreds digit of 3509883862?
8
What is the tens digit of 442720621?
2
What is the thousands digit of 264779129?
9
What is the hundreds digit of 13601514?
5
What is the ten thousands digit of 96686875?
8
What is the hundreds digit of 1221971732?
7
What is the thousands digit of 2308669481?
9
What is the ten millions digit of 219690898?
1
What is the units digit of 653287762?
2
What is the tens digit of 196465154?
5
What is the ten thousands digit of 4354165777?
6
What is the ten millions digit of 425394969?
2
What is the thousands digit of 488944111?
4
What is the ten thousands digit of 1418017201?
1
What is the ten millions digit of 20854291?
2
What is the thousands digit of 100521312?
1
What is the millions digit of 176034372?
6
What is the ten thousands digit of 7745159833?
5
What is the thousands digit of 81442461?
2
What is the ten thousands digit of 53277263?
7
What is the thousands digit of 40891901?
1
What is the hundreds digit of 131006623?
6
What is the millions digit of 1080154077?
0
What is the hundreds digit of 32822093?
0
What is the ten millions digit of 1956680027?
5
What is the thousands digit of 1050001532?
1
What is the units digit of 616949704?
4
What is the hundreds digit of 39090716?
7
What is the units digit of 2341634204?
4
What is the millions digit of 1382819897?
2
What is the units digit of 99271665?
5
What is the ten thousands digit of 271664247?
6
What is the tens digit of 418313518?
1
What is the hundred thousands digit of 941131532?
1
What is the hundred millions digit of 703291823?
7
What is the hundreds digit of 72445541?
5
What is the units digit of 863853981?
1
What is the tens digit of 127289730?
3
What is the hundred millions digit of 221727821?
2
What is the thousands digit of 99359228?
9
What is the hundred thousands digit of 803940818?
9
What is the ten millions digit of 4798325170?
9
What is the hundreds digit of 2122938200?
2
What is the millions digit of 15374848?
5
What is the tens digit of 155373288?
8
What is the units digit of 73847647?
7
What is the units digit of 37303972?
2
What is the tens digit of 25764228?
2
What is the millions digit of 1924726309?
4
What is the ten thousands digit of 824141559?
4
What is the units digit of 271475128?
8
What is the ten thousands digit of 116544184?
4
What is the thousands digit of 7078791?
8
What is the ten thousands digit of 305741638?
4
What is the ten thousands digit of 7036104?
3
What is the tens digit of 5486740?
4
What is the tens digit of 952024091?
9
What is the ten millions digit of 355049569?
5
What is the hundred millions digit of 1553473221?
5
What is the hundred thousands digit of 866320405?
3
What is the hundred thousands digit of 350832964?
8
What is the hundred millions digit of 5004842842?
0
What is the millions digit of 261328570?
1
What is the hundreds digit of 38539672?
6
What is the millions digit of 1363993294?
3
What is the millions digit of 1633259693?
3
What is the hundred thousands digit of 81300098?
3
What is the ten millions digit of 167913207?
6
What is the millions digit of 15214456?
5
What is the thousands digit of 290969990?
9
What is the ten millions digit of 64727668?
6
What is the tens digit of 12876493?
9
What is the ten thousands digit of 124245116?
4
What is the hundred thousands digit of 3813608808?
6
What is the hundreds digit of 2880324222?
2
What is the hundreds digit of 52204929?
9
What is the tens digit of 982707583?
8
What is the hundred thousands digit of 145121479?
1
What is the thousands digit of 81603081?
3
What is the hundreds digit of 85415457?
4
What is the ten millions digit of 373372416?
7
What is the hundred thousands digit of 7365149?
3
What is the ten thousands digit of 1304685407?
8
What is the millions digit of 1459547271?
9
What is the hundred millions digit of 138636504?
1
What is the hundreds digit of 73987057?
0
What is the units digit of 90726172?
2
What is the hundred thousands digit of 8948071?
9
What is the ten millions digit of 7303006293?
0
What is the ten thousands digit of 1717815612?
1
What is the thousands digit of 47692788?
2
What is the tens digit of 467643812?
1
What is the ten millions digit of 367319098?
6
What is the hundreds digit of 1194703799?
7
What is the ten millions digit of 52352457?
5
What is the hundred thousands digit of 161211805?
2
What is the hundred millions digit of 315293441?
3
What is the hundred thousands digit of 1048841425?
8
What is the hundred millions digit of 102183636?
1
What is the billions digit of 2238898614?
2
What is the millions digit of 1037170361?
7
What is the hundreds digit of 66632889?
8
What is the ten millions digit of 5403841772?
0
What is the tens digit of 71504890?
9
What is the hundreds digit of 3841523397?
3
What is the millions digit of 4688815452?
8
What is the tens digit of 1394792249?
4
What is the ten thousands digit of 201901860?
0
What is the hundred thousands digit of 2310911017?
9
What is the tens digit of 32891096?
9
What is the ten thousands digit of 774640555?
4
What is the ten thousands digit of 30139143?
3
What is the ten thousands digit of 279655832?
5
What is the ten millions digit of 418463241?
1
What is the hundred thousands digit of 447266604?
2
What is the thousands digit of 764450096?
0
What is the millions digit of 1531824025?
1
What is the hundred millions digit of 321933456?
3
What is the millions digit of 4138218924?
8
What is the tens digit of 7560742?
4
What is the ten millions digit of 1765426631?
6
What is the units digit of 38273869?
9
What is the tens digit of 109582955?
5
What is the hundred thousands digit of 754081369?
0
What is the ten millions digit of 6040043655?
4
What is the tens digit of 145796810?
1
What is the hundred millions digit of 6766661271?
7
What is the ten thousands digit of 871694759?
9
What is the hundred thousands digit of 2246269494?
2
What is the hundred thousands digit of 1777579974?
5
What is the hundred thousands digit of 9986670?
9
What is the hundreds digit of 2355859189?
1
What is the ten millions digit of 43456920?
4
What is the thousands digit of 1270689589?
9
What is the millions digit of 50208011?
0
What is the ten thousands digit of 883638124?
3
What is the millions digit of 714211989?
4
What is the hundreds digit of 955845665?
6
What is the units digit of 722925255?
5
What is the units digit of 558697159?
9
What is the ten thousands digit of 55078971?
7
What is the thousands digit of 54809203?
9
What is the hundred millions digit of 2075321502?
0
What is the hundred thousands digit of 104006951?
0
What is the units digit of 3171292401?
1
What is the tens digit of 392842028?
2
What is the millions digit of 63355917?
3
What is the units digit of 118869628?
8
What is the billions digit of 3496908320?
3
What is the ten thousands digit of 881309523?
0
What is the tens digit of 475076135?
3
What is the ten thousands digit of 73992474?
9
What is the thousands digit of 250413324?
3
What is the tens digit of 105629613?
1
What is the hundred thousands digit of 16963225?
9
What is the units digit of 3157878857?
7
What is the hundred millions digit of 317118324?
3
What is the ten thousands digit of 33982687?
8
What is the hundred millions digit of 456807430?
4
What is the hundreds digit of 417022525?
5
What is the ten thousands digit of 29778634?
7
What is the thousands digit of 1009951783?
1
What is the ten thousands digit of 155908522?
0
What is the ten millions digit of 340494622?
4
What is the tens digit of 91616427?
2
What is the millions digit of 64628917?
4
What is the hundreds digit of 200250666?
6
What is the units digit of 44329719?
9
What is the hundred thousands digit of 1471683700?
6
What is the hundred thousands digit of 24971716?
9
What is the millions digit of 5082706108?
2
What is the tens digit of 34618077?
7
What is the hundreds digit of 1176405384?
3
What is the thousands digit of 465184810?
4
What is the tens digit of 582919137?
3
What is the tens digit of 799160061?
6
What is the tens digit of 137215291?
9
What is the ten thousands digit of 2833929587?
2
What is the units digit of 63391891?
1
What is the thousands digit of 64450587?
0
What is the hundreds digit of 8246541170?
